16*u - 6. Let n(q) = o*a(q) - 8*c(q). Is n(-5) composite?
False
Suppose 2*y = 4*a - 6096, -7621 = -5*a + 2*y + y. Is a a composite number?
False
Let t(a) be the second derivative of 3*a**4/8 + a**3/6 + a**2 - a. Let m(z) be the first derivative of t(z). Is m(2) a composite number?
False
Suppose -3*k - 2*r + 496 = 0, 5*k - 32 = -2*r + 800. Suppose 0 = -2*i - k + 970. Is i composite?
False
Suppose 5*k - 3843 = 2*a, -12 = 2*a - 4. Is k composite?
True
Let b = 3 + -1. Let t = 28 + 61. Suppose -b*w - 15 = -t. Is w composite?
False
Suppose 5*x - 21 = -6. Let w = 30 + x. Is w composite?
True
Is (0 + -631)/((-28)/28) composite?
False
Let l = 98 + -36. Let n = -30 + l. Let r = n + -13. Is r a prime number?
True
Let i(x) = -23*x - 4. Suppose 3*f - 7 = -22. Is i(f) a composite number?
True
Let l(x) = x**3 + 23*x**2 + 6*x + 27. Is l(-22) prime?
True
Is (-5)/(((-6)/(-69))/(-2)) a prime number?
False
Suppose 0 = n - 15 - 3. Let q be 4/n + 2/(-9). Suppose -63 = -2*g - 3*b, -g + 4*b + 28 + 31 = q. Is g a prime number?
False
Let c be ((-6)/(-9))/(-1) + (-44)/(-12). Suppose -2*p - 210 = -7*p. Suppose -3*z + z + c*r = -p, 59 = 5*z + 4*r. Is z prime?
False
Let f = -11 + 23. Suppose 10 = x - f. Is x prime?
False
Suppose 5 + 1 = 2*r. Suppose -r*p - 3 = -15. Let s(u) = 3*u - 1. Is s(p) a prime number?
True
Suppose -3*w = -w - 68. Is w a prime number?
False
Let t(m) = -m**3 + m**2 + 2*m - 1. Let w be t(2). Is w/10*-106*5 a composite number?
False
Let p(y) = -y**3 + 10*y**2 - 9*y + 1. Let c be p(9). Let f be -1 - 5*(-1)/c. Suppose f*n - 20 - 32 = 0. Is n a composite number?
False
Suppose 4*r + 0 + 12 = -5*z, -2*z - 12 = -2*r. Is (2/z)/((-3)/870) composite?
True
Suppose -2*a + y + 51 = 0, -2*a = 2*a - y - 97. Let f = -24 + 66. Let b = f - a. Is b prime?
True
Let s = 3 + -10. Let q(t) = -t**3 - 6*t**2 + 7*t + 3. Let p be q(s). Suppose p*z + 0*z - 273 = 0. Is z a composite number?
True
Suppose -3*j + 4*z - 16 = -0*j, 3*z = j + 12. Let r = 40 + -27. Suppose -c - 5*l + r = -j*c, -3*l - 52 = -4*c. Is c composite?
False
Let h = 603 + -308. Is h composite?
True
Let o(l) = l**3 - 6*l**2 - 8*l + 6. Let q be o(7). Let b be q - (-67 + 1 - -1). Suppose -4*y + b = -2*y + 4*i, -155 = -4*y + i. Is y composite?
True
Let i(j) = -j**3 + j**2 + j + 12. Let k be i(0). Suppose -k = 4*z, 4*z - 3 = -b + z. Let v = b - -55. Is v prime?
True
Let f(a) be the second derivative of a**5/20 - a**4/12 + 3*a**2 + 3*a. Let h(c) = c**3 + c**2 + c + 1. Let q be h(-1). Is f(q) a prime number?
False
Is (-1310)/(-8) + 9/(-12) prime?
True
Suppose -76 = -2*k + 6*k. Let o = k + 38. Let v = o + -12. Is v composite?
False
Let z = -435 - -1906. Is z composite?
False
Suppose 3*h - 159 = 2*h. Is h composite?
True
Let i(o) be the second derivative of -2*o - 29/6*o**3 + 0 + 7/2*o**2. Is i(-6) a composite number?
False
Is -1 + 46 + 3 + 9/3 prime?
False
Let k = -42 - -30. Is (-126)/4*8/k a composite number?
True
Suppose 2*a = -2*p + 182, 4*p + p = 4*a + 428. Suppose -p = 2*w - 6*w. Suppose -3*i = j - w, 3*i = -4 - 5. Is j a prime number?
True
Let p(o) = -o**3 + 7*o**2 - 8*o - 3. Let l be p(6). Is 9/l - (-1538)/5 a prime number?
True
Let t = 94 - -10533. Is t prime?
True
Let u = 10 - 5. Suppose -s - 7 = -u*a + 3, a + 20 = -2*s. Is (-2)/s + (-164)/(-5) composite?
True
Suppose 2*p - 13 + 1 = 0. Let u be 132*(2 - (-2)/p). Suppose -u = -4*o + 8. Is o a prime number?
True
Suppose t = w + w - 2, 4*t - 2*w + 2 = 0. Suppose t = -4*z - 77 - 311. Let g = -62 - z. Is g prime?
False
Is (-12)/(-9) + (-7307)/(-3) composite?
False
Let j = 150 + 143. Is j a prime number?
True
Let l be 45 - (-3 - (-3 - -3)). Suppose 0 = 4*t + 32 + l. Let s = 129 + t. Is s a composite number?
False
Let f be (-9)/(-3 - 0) + -3. Suppose f = 2*a - u - 11, -5*u - 5 = 3*a + 11. Suppose 51 = 4*w - 7*k + 2*k, 4*k + 38 = a*w. Is w a prime number?
False
Suppose -3*r + 10974 = 3*r. Is r a prime number?
False
Suppose 5*b + 0 = 2*z + 2, -2 = 2*z + 4*b. Is (2/(-3))/(z/39) a composite number?
True
Let j(y) be the second derivative of -3*y**6/40 - y**5/15 + 2*y**3/3 + y**2 + 3*y. Let u(k) be the first derivative of j(k). Is u(-3) a composite number?
False
Is (2/8)/(2/24) a composite number?
False
Let q be (-3)/(3/19)*-1. Suppose j - 4*w = -0 - q, -3*w = -15. Let p(r) = 14*r - 1. Is p(j) a composite number?
False
Let c = 5 + -3. Let y = -26 + 27. Suppose -c*s + y = -45. Is s a prime number?
True
Suppose m - 713 = -0*m. Is m a prime number?
False
Suppose -2*m - 3*q - 2*q = -76, 0 = q - 2. Is m prime?
False
Let i(o) = 2*o**2 - o - 2 - 6*o**3 - o + 13*o**3. Let d be i(2). Suppose 4*t + 167 = 3*w, -3*w + d + 94 = -t. Is w composite?
True
Suppose 2*o - 3*o = 4*q - 2, -2*o = 5*q - 16. Suppose 543 = 3*t - o. Is t composite?
True
Suppose -1 = 2*u - u. Let t be (-2 + 1)*(-10 + u). Suppose 2*m + 0*j = -3*j + t, -j - 43 = -4*m. Is m composite?
True
Let m be (2 - 1)*(5 + -5). Let h be 3/(-3 - -6) + m. Suppose -c + 162 = k, h = -3*k - 2. Is c prime?
True
Let i(c) = -6*c**2 + 8*c - 4. Let b be i(7). Let w = -164 - b. Is (w/8)/(6/16) prime?
False
Suppose 2*u - j - 2*j = -29, 25 = 5*j. Let i = 20 + u. Is i composite?
False
Let z(v) = 64*v + 11. Is z(9) a composite number?
False
Suppose -3*c = -c. Suppose -4*i + c*x + 16 = 4*x, -5*i - 3*x = -14. Is 1*-1 + (i - -53) composite?
False
Let t be (5/(-6))/(6/(-36)). Is t*-3*(-41)/3 prime?
False
Suppose -826 = a + 572. Is (1/3)/((-2)/a) a prime number?
True
Suppose 0 = -2*o + 2*q + 81 + 253, 0 = -4*q. Let w = o - 93. Suppose 0 = 2*a - 60 - w. Is a a composite number?
False
Let s = -5 - -5. Let o = s - -22. Is o a composite number?
True
Let h = 11 + -8. Suppose -7*u + 2*u = s - 28, -h*u + s = -12. Suppose 72 = u*f - t + 7, -4*f + 31 = -5*t. Is f a composite number?
True
Let c = 26 - -45. Is c prime?
True
Suppose 0 = -l + 3*o + 295, 0*l - 4*l - 4*o = -1180. Is l a prime number?
False
Let r = 654 + -443. Is r prime?
True
Suppose 0 = -3*k + t - 56 + 18, 4*t + 16 = 0. Let c(b) = -b - 14. Let p be c(k). Suppose p = 5*w + 11 - 76. Is w composite?
False
Suppose 54 = -z - 76. Let k = z + 395. Is k a composite number?
True
Suppose 2640 = 4*b - 2024. Is 4/(-14) + b/14 composite?
False
Suppose -5*b = 26 - 6. Let t be -4*(-1 + (-1)/b). Is 2/(-1) + 29*t prime?
False
Let d = -9 - -48. Let f = 86 - d. Is f prime?
True
Let y = 52 + -26. Suppose 153 - y = z. Is z a prime number?
True
Let h = 9 + -15. Let y(i) = -10*i - 9. Is y(h) prime?
False
Let f = 2384 + -1135. Is f prime?
True
Suppose 2*j = 4*l - 42, j = l - 3*l + 31. Is l a prime number?
True
Let g = 0 + -27. Let u be 128/6*(-9)/(-4). Let w = u + g. Is w a prime number?
False
Suppose 0 = 109*y - 107*y - 498. Is y a composite number?
True
Let s = 1949 + -738. Is s a composite number?
True
Let c = -3 - -5. Let q be (-1)/(3/(-12)) - c. Suppose -2*s + 62 = 3*s - 4*l, 0 = -s - 4*l - q. Is s a prime number?
False
Is (6/12)/((-2)/(-2228)) composite?
False
Suppose -2*o = 5*i - 587 - 865, -2*o = -2*i - 1466. Is o a composite number?
True
Is (-3)/18 - (-254)/12 a prime number?
False
Let u(x) = -20*x - 11. Let d = 0 + -5. Is u(d) prime?
True
Let l be 25*-2 - 24/8. Let t = 106 + l. Is t a composite number?
False
Let q be 186 - (-2 + (0 - 0)). Suppose -3*y - q = -7*y. Is y a prime number?
True
Let j = 9 - 15. Let y be (-1)/(1 - j/(-3)). Is 2 - -9 - 1/y a composite number?
True
Let k(a) = 137*a + 2. Let s(t) = 137*t + 1. Let l(g) = 6*k(g) - 7*s(g). Is l(-4) composite?
True
Is (-1350)/(-2) + (-1)/(-1)*4 prime?
False
Suppose 0 = 2*t - 6*t + 20. Suppose s = 4*u + 73, t*s + 2*u - 273 = -u. Suppose 3*v = -3*b + s, -3*v + 22 = -2*b + 60. Is b a prime number?
True
Let f(o) be the second derivative of -o**4/24 + o**2/2 + 2*o. Let l(s) be the first derivative of f(s). Is l(-4) composite?
True
Let y = -4 + 35. Is y a prime number?
True
Is (2 - 1)*-1637*-1 a composite number?
False
Suppose -3*w = -8*w - 45. Let c = w - -15. Suppose c*q = 3*q + 261. Is q a composite number?
True
Suppose -3*p + 4351 = 298. Is p prime?
False
Suppose -3*b = -5*b + 352. Suppose 20 = 4*k - b. Is k a prime number?
False
Suppose 2*l - 6 = -0*l. Suppose 1 = c - 1, l*c = -y + 55. Let v = 20 + y. Is v a composite number?
True
Let x(f) = f**3 - 14*f**2 + 17*f - 15. Is x(13) a composite number?
False
Suppose 0 = 11*y - 1988 + 250. Is y prime?
False
Suppo